d a.
22
Suppose -44 = -5*o - 4*r + 106, 0 = 3*r. Let u = o + -24. Calculate the greatest common divisor of u and 12.
6
Let d(b) = 12*b - 7. Let x be d(-5). Let z = -65 - x. Calculate the greatest common factor of z and 10.
2
Let b be (0 + -1 + -25)*-1. Let g(o) = o**3 + o**2 + 15*o + 9. Let f be g(5). What is the greatest common divisor of b and f?
26
Let s be (-31 - 0)*(-4 - -3). Suppose 0 = 3*u - 2*b - s, 0*u = 5*u - 4*b - 53. Suppose 176 - 50 = 2*v. What is the greatest common divisor of u and v?
9
Let u(v) = -17*v + 9. Let p be u(-3). Suppose -5*x = -j + 6*j - p, -5*j + 53 = -2*x. Calculate the greatest common divisor of j and 33.
11
Let s be (50 - (40 + -19)) + -15. Suppose a = -4*c + 1, -5*c - 21 = -4*a + 4. Let p be 1/c*-2*1. Calculate the highest common divisor of p and s.
2
Let h be 2/4 - (-25)/10. Suppose -5*a = -h*a. Suppose a*l + 112 = 2*l. What is the highest common divisor of 8 and l?
8
Let b be 3/2*4*2. Let j(a) = 2*a**2 + 47*a + 201. Let u be j(-19). What is the highest common divisor of b and u?
6
Let b = 32 + -15. What is the highest common factor of 51 and b?
17
Let i be ((-5266)/(-3) - -2) + 52/78. What is the greatest common factor of i and 6?
6
Let i = -87 + 186. Calculate the highest common divisor of i and 165.
33
Let c(n) = -2*n**2 + 9*n - 7. Let u be c(3). Suppose -2*q - 6*x + 13 = -5*x, u*q - 16 = -4*x. Calculate the highest common divisor of 4 and q.
2
Suppose -3*q + 0*q - 5*z = 90, 0 = 2*q + 2*z + 60. Let n = 12 - q. Calculate the greatest common factor of n and 21.
21
Let f = 237 - 213. Calculate the highest common divisor of 456 and f.
24
Let p be 4/4 + -1 + 23. Suppose 5*g - 250 = 325. What is the greatest common divisor of g and p?
23
Let c be -10 - 17/(204/(-144)). What is the highest common factor of c and 242?
2
Let w = -30 - -82. Let f(p) be the second derivative of -p**5/20 + 5*p**4/4 - p**3 + 9*p**2 - 5*p. Let s be f(14). What is the highest common factor of w and s?
26
Let g = -98 - -96. Let n be (-133)/(-7) - 6/(g - 1). What is the greatest common divisor of n and 6?
3
Let s = 103 + -85. Suppose -15*d + s = -12*d. Suppose 3*k + 0*k = 198. Calculate the highest common divisor of k and d.
6
Let x = 181 - 301. Let u = x - -159. What is the highest common divisor of u and 78?
39
Suppose -3*i + i = -u - 147, 3*i - 207 = -3*u. Let b = 3758 - 3740. What is the greatest common factor of b and i?
18
Let l be (1/2)/(2*(-1)/28). Let k(g) = g**3 + 7*g**2 + 10. Let t be k(l). Calculate the greatest common divisor of 5 and t.
5
Let y = 77 + -67. Let s be (-58 - (3 + -1))*(-8)/y. Calculate the highest common factor of 24 and s.
24
Let y be ((-156)/10 + 2)/((-63)/2205). Calculate the greatest common divisor of 34 and y.
34
Let l(o) = o**2 - 2*o - 14. Let p = -36 + 41. Let r be l(p). Calculate the highest common divisor of r and 8.
1
Let d = 1220 + -1094. Let n = -19 + 33. Calculate the highest common factor of d and n.
14
Let u = -46 - -30. Let s be 1 - (u + 6/3). Suppose i + 7 = 12. Calculate the greatest common divisor of i and s.
5
Let q = 277 - 269. Suppose -3*v = -3*j - 3, -5*j + j - 5 = -5*v. Suppose h = 2*b + 32, 3*b = -j*b. What is the highest common factor of h and q?
8
Suppose -28*n + 192 = -12*n. What is the highest common factor of 180 and n?
12
Suppose -36 = -2*o - 2*o. Let f be ((-9)/(-6))/(o/24). Let s = f + 0. What is the highest common divisor of s and 16?
4
Suppose 5*y - 399 = 111. Calculate the highest common factor of y and 255.
51
Let k be -9 + 6 + 1*5. Suppose 35 - 145 = -5*r. Calculate the greatest common divisor of k and r.
2
Let j be 2/(-3) - 102/(-18). Suppose 238 = j*r + 98. Calculate the highest common divisor of r and 70.
14
Suppose -2*c - 43 = y, -2*y + 52 = -c + 18. Suppose 2*n + 22 = -4. Let g = n - c. Calculate the highest common divisor of g and 22.
11
Let x be (0 + 0)/(-1 + -1). Let q be -1 + 2 - (1 + x). Suppose -g - 4*p = p, q = -3*g - p + 28. Calculate the greatest common divisor of g and 110.
10
Let a = 78 + -77. Let o be 58 - ((-4 + 0)*a + 2). What is the highest common factor of o and 12?
12
Suppose 4*l + 4*r - 808 = 0, -2*r - 206 = -l - r. Calculate the highest common factor of l and 108.
12
Let w(m) = m**3 + 13*m**2 + 15*m + 3. Let o be w(-10). Suppose -9*k + 13*k - 64 = 4*i, -k = 5*i - 22. What is the highest common divisor of o and k?
17
Suppose -2*u + 12 = 4. Suppose u*v - 98 = -i, 4*v + 4*i - 104 = -0*i. What is the greatest common divisor of v and 72?
24
Let c = 29 - -11. Let u(b) = b**3 - 3*b - 1. Let r be u(-1). Let z be ((r - -1) + 8)*1. What is the highest common factor of c and z?
10
Let d(q) = 3*q + 26. Let h be d(-10). Let k be 178/6 - h/(-6). What is the highest common divisor of 261 and k?
29
Let y be (0 - 0) + (-45)/(-3). Suppose -g - g + 10 = 0. Let o be 3*10*g/10. Calculate the greatest common divisor of o and y.
15
Let g = -91 + 103. What is the greatest common divisor of 9 and g?
3
Let s be (-76)/228*3*1 + 78. Calculate the greatest common factor of 259 and s.
7
Let a be (16/12)/((-1)/(-78)). Let z be -5 - -28 - (-1 - -2). Let l = z - 9. What is the greatest common factor of l and a?
13
Let t be 5/(15/6) + 328. Let v(m) = 6*m**2 - m + 4. Let z be v(-2). What is the greatest common factor of z and t?
30
Let l(a) = 0 + 2*a**2 - 2 - 3 - 4*a. Let k be l(4). Let s(g) = 2*g**2 + 10*g + 23. Let v be s(-2). Calculate the highest common divisor of k and v.
11
Suppose -2*l - 21 = 2*r + 3*r, 3*r = 3*l. Let p be (r/(-2))/(9/48). Suppose -p*k + 177 = -263. Calculate the highest common factor of 22 and k.
11
Let l(a) = 5*a**2 + 26*a + 172. Let w be l(-9). Calculate the highest common factor of 7 and w.
7
Suppose -5 = 5*p - 65. Let w be (3/(-4) - (-9)/p) + 37. What is the highest common factor of 37 and w?
37
Suppose -3*a - 370 = 3*l - 1174, 3*l + a - 800 = 0. What is the greatest common divisor of 6 and l?
2
Let i = 31 - 29. Let l(s) = s**i + s + 9*s**3 + 0*s**3 - 8*s**3 + 10. Let k be l(0). What is the greatest common divisor of k and 4?
2
Let l = 4 - 3. Let w(f) = -3*f + 16. Let p be w(5). Suppose 0 = c, -z + p = 2*c - 5*c. Calculate the highest common factor of l and z.
1
Suppose 4*t = t + 75. Let v be (t + -1)/((-135)/(-25) - 5). Let d(a) = -5*a. Let l be d(-2). Calculate the greatest common divisor of l and v.
10
Suppose 0 = -z - 3*z + 8. Suppose -4*r = -2*h + h - 67, -r - z = -4*h. Let v(i) = 4*i + 2. Let m be v(4). What is the highest common factor of r and m?
18
Suppose 0 = -2*y + 8, -2*y = -r - 3*y - 11. Let m be (-531)/r + 6/(-15). What is the highest common factor of 10 and m?
5
Let g be (2 + 3 - -331) + 0/3. Calculate the highest common divisor of 56 and g.
56
Let p be (2 - 1)/(1/(-33)). Let b = 113 + p. Suppose 0 = 4*h - 0*h - b. Calculate the highest common divisor of h and 4.
4
Let v = -739 - -754. Calculate the highest common factor of v and 111.
3
Suppose 0 = -4*o + 239 - 71. Let d(c) = c**2 + c - 9. Let v be ((-4)/6)/((-14)/(-189)). Let z be d(v). What is the greatest common factor of z and o?
21
Let k = -2381 - -2452. Calculate the greatest common divisor of k and 71.
71
Let r(c) = c**3 - 23*c**2 + 22. Let d be r(23). Let o be 21 + (-1 - 1)/(-2). What is the highest common divisor of o and d?
22
Suppose -5*f + 2 = 12. Let q be (1/f)/(3/(-84)). Suppose 13 = 3*c - q. What is the greatest common divisor of 72 and c?
9
Let v(f) = -423*f - 96. Let s be v(-3). What is the greatest common factor of s and 153?
51
Suppose -765 = -5*f + 960. What is the highest common factor of 69 and f?
69
Suppose m = 1, -5*u - 5*m + 11 = -2*u. Suppose u*q - l - 7 = 5, -2*l = 8. What is the highest common divisor of q and 20?
4
Let z(q) = -q**3 + 11*q**2 - 18*q + 6. Let k be z(9). Let i be 2/k*(-7722)/(-18). What is the highest common factor of 11 and i?
11
Let q be 1*12/(-20)*-45. Let y(z) = -z**3 + 4*z + 3. Let t be (-15)/(-30)*-1*4. Let o be y(t). What is the highest common divisor of o and q?
3
Let y be (-4)/(24/3)*-4. Suppose -2*m + 6*m - 92 = -4*u, -3*u - y*m + 68 = 0. Suppose 18 + u = 4*w. What is the greatest common divisor of 80 and w?
10
Let t be (297/(-12))/((-9)/24). Suppose 3*o = 5*o. Suppose -4*z + 84 = -2*n, -2*n = -z - o*n + 18. What is the greatest common factor of t and z?
22
Let x = 34 + -21. Let c = 817 + -674. Calculate the highest common factor of c an